1
What are the prime factors of 66485790?
2, 3, 5, 7, 105533
What are the prime factors of 17989569?
3, 13, 153757
List the prime factors of 783146343.
3, 7, 23, 1621421
List the prime factors of 4507570121.
9491, 474931
What are the prime factors of 295359199?
19, 15545221
List the prime factors of 42990074.
2, 71, 302747
What are the prime factors of 1551784068?
2, 3, 73, 65609
List the prime factors of 7154515392.
2, 3, 337, 110573
What are the prime factors of 60789281?
7, 1759, 4937
What are the prime factors of 386878157?
151, 487, 5261
List the prime factors of 1386432781.
3089, 448829
What are the prime factors of 112832197?
112832197
List the prime factors of 135163826.
2, 7, 1103, 8753
What are the prime factors of 14736687?
3, 7, 31, 22637
List the prime factors of 54518649.
3, 37, 491159
List the prime factors of 1312737282.
2, 3, 23, 37, 43, 1993
What are the prime factors of 84643694?
2, 43, 661, 1489
List the prime factors of 405492551.
17, 23852503
What are the prime factors of 35127199?
251, 349, 401
What are the prime factors of 59857264?
2, 67, 55837
List the prime factors of 8364266.
2, 4182133
List the prime factors of 107133641.
1831, 58511
List the prime factors of 223373165.
5, 2683, 16651
List the prime factors of 642816547.
642816547
List the prime factors of 41652357.
3, 1487, 9337
What are the prime factors of 591841953?
3, 65760217
List the prime factors of 81563822.
2, 40781911
What are the prime factors of 196852069?
89, 2211821
List the prime factors of 17845018.
2, 967, 9227
What are the prime factors of 341668237?
341668237
What are the prime factors of 45916470?
2, 3, 5, 56687
What are the prime factors of 47452181?
7, 599, 11317
What are the prime factors of 1244172147?
3, 414724049
What are the prime factors of 205462822?
2, 102731411
List the prime factors of 117890008.
2, 653, 22567
What are the prime factors of 1456883139?
3, 485627713
List the prime factors of 1619251372.
2, 167, 2424029
What are the prime factors of 1067039?
17, 23, 2729
What are the prime factors of 5374287449?
271, 1051, 18869
List the prime factors of 316384873.
7, 433, 104383
What are the prime factors of 560634150?
2, 3, 5, 103, 131, 277
List the prime factors of 953534143.
467, 661, 3089
What are the prime factors of 350472708?
2, 3, 19, 73, 7019
List the prime factors of 69908470.
2, 5, 67, 151, 691
List the prime factors of 225365616.
2, 3, 7, 223577
What are the prime factors of 394301761?
7, 56328823
List the prime factors of 973509457.
229, 1277, 3329
What are the prime factors of 91331250?
2, 3, 5, 4871
List the prime factors of 234669084.
2, 3, 13, 1504289
What are the prime factors of 1913576308?
2, 7, 31, 1093, 2017
List the prime factors of 382867503.
3, 127622501
What are the prime factors of 3427211?
3427211
What are the prime factors of 149631637?
17, 31, 499, 569
List the prime factors of 276242938.
2, 19, 2557, 2843
What are the prime factors of 76765702?
2, 13, 2952527
List the prime factors of 195372655.
5, 47, 831373
What are the prime factors of 1671413317?
7, 8287, 28813
List the prime factors of 5181833967.
3, 23, 71, 827, 1279
List the prime factors of 848702708.
2, 7, 173, 241, 727
List the prime factors of 20286977.
20286977
What are the prime factors of 972899090?
2, 5, 37, 2629457
What are the prime factors of 1334777424?
2, 3, 97, 283, 1013
What are the prime factors of 2495636825?
5, 11, 9075043
What are the prime factors of 4308601878?
2, 3, 7, 83, 411991
What are the prime factors of 103962009?
3, 167, 207509
List the prime factors of 628805094.
2, 3, 271, 386719
List the prime factors of 1500772.
2, 7, 13, 19, 31
List the prime factors of 335637703.
335637703
What are the prime factors of 809787193?
16111, 50263
What are the prime factors of 132449817?
3, 19, 122299
What are the prime factors of 53914985?
5, 2609, 4133
What are the prime factors of 4928941245?
3, 5, 151, 2176133
What are the prime factors of 54947574?
2, 3, 11, 277513
What are the prime factors of 831411363?
3, 277137121
List the prime factors of 16029511.
31, 517081
What are the prime factors of 3113754642?
2, 3, 1979, 29137
What are the prime factors of 8464807865?
5, 47, 2557, 14087
What are the prime factors of 23863297?
19, 1255963
What are the prime factors of 7020871335?
3, 5, 233, 669611
What are the prime factors of 53129563?
23, 41, 103, 547
List the prime factors of 4247131263.
3, 23, 109, 564703
List the prime factors of 1972976872.
2, 19, 67, 151, 1283
What are the prime factors of 1745248671?
3, 23, 37, 227869
What are the prime factors of 68097649?
37, 503, 3659
List the prime factors of 1968974473.
1968974473
What are the prime factors of 209404739?
12323, 16993
List the prime factors of 1378836164.
2, 344709041
What are the prime factors of 69102308?
2, 11, 251, 6257
What are the prime factors of 6034906?
2, 499, 6047
List the prime factors of 151679572.
2, 11, 23, 71, 2111
What are the prime factors of 2952273394?
2, 7, 67, 1511, 2083
What are the prime factors of 50382225?
3, 5, 223921
List the prime factors of 3714709777.
151, 877, 28051
What are the prime factors of 52406728?
2, 11, 197, 3023
List the prime factors of 153389398.
2, 67, 97, 11801
List the prime factors of 360690049.
1973, 182813
What are the prime factors of 7234057599?
3, 2411352533
What are the prime factors of 47825120?
2, 5, 7, 42701
What are the prime factors of 622728269?
1373, 453553
List the prime factors of 646764280.
2, 5, 167, 96821
List the prime factors of 100232087.
19, 5275373
What are the prime factors of 1402896263?
719, 1951177
What are the prime factors of 1230448290?
2, 3, 5, 4801, 8543
What are the prime factors of 310994709?
3, 163, 635981
What are the prime factors of 1129183829?
41, 27541069
List the prime factors of 506696174.
2, 8291, 30557
What are the prime factors of 3460846947?
3, 53, 197, 313, 353
List the prime factors of 1445745853.
19, 31, 59, 41603
What are the prime factors of 60048546?
2, 3, 677, 14783
What are the prime factors of 740185853?
11, 31, 613, 3541
What are the prime factors of 383772518?
2, 17, 11287427
List the prime factors of 67398870.
2, 3, 5, 7, 11, 163, 179
List the prime factors of 28628833.
17, 71, 23719
List the prime factors of 1253225789.
467, 2683567
What are the prime factors of 629007748?
2, 1871, 84047
What are the prime factors of 155321878?
2, 3559, 21821
List the prime factors of 66171636.
2, 3, 1838101
What are the prime factors of 1274866661?
31, 41124731
What are the prime factors of 1791864182?
2, 6067, 147673
What are the prime factors of 472009582?
2, 11, 61, 547, 643
What are the prime factors of 168066675?
3, 5, 7, 17, 6277
What are the prime factors of 149985137?
149985137
What are the prime factors of 588351893?
61, 9645113
What are the prime factors of 41531791?
7, 859, 6907
List the prime factors of 119644411.
421, 284191
What are the prime factors of 2929638422?
2, 367, 3991333
List the prime factors of 32459725.
5, 691, 1879
What are the prime factors of 579961890?
2, 3, 5, 19, 131, 863
List the prime factors of 1123054630.
2, 5, 53, 73, 29027
What are the prime factors of 19206868?
2, 4801717
What are the prime factors of 123726397?
41, 3017717
What are the prime factors of 294201519?
3, 457, 214589
List the prime factors of 90722798.
2, 139, 307, 1063
What are the prime factors of 436660144?
2, 27291259
List the prime factors of 297984804.
2, 3, 13, 1910159
What are the prime factors of 52046828?
2, 13011707
What are the prime factors of 6144416815?
5, 1228883363
What are the prime factors of 102261270?
2, 3, 5, 587, 5807
List the prime factors of 798419092.
2, 433, 460981
What are the prime factors of 16827938?
2, 1721, 4889
What are the prime factors of 1310495649?
3, 43, 53, 191677
List the prime factors of 924583395.
3, 5, 59, 1044727
What are the prime factors of 1098430441?
409, 2685649
What are the prime factors of 524125871?
524125871
What are the prime factors of 73536785?
5, 7, 2101051
What are the prime factors of 25972554?
2, 3, 101, 42859
List the prime factors of 5309490.
2, 3, 5, 176983
List the prime factors of 235806677.
17, 31, 447451
What are the prime factors of 2409281693?
7, 13, 26475623
What are the prime factors of 271040150?
2, 5, 542